089)/(-9)) + 2/(66/345909).
2, 3, 1747
What are the prime factors of ((-260)/(-60))/((-5)/(-13590)) - (-10 - -1)?
3, 3929
Let b(a) = 293*a**2 + 118*a + 1057. List the prime factors of b(-12).
11, 3803
Let x be (-2)/(-6) - 52/12. Let l be (-46)/(x/1104*-4). List the prime factors of l/(-33) - (-4)/(-22).
2, 3
Let v be -3 + (54/72)/(3/28). Suppose -832 = -a + j + 299, 2*j - 4554 = -v*a. List the prime factors of a.
2, 71
Suppose -35*g = -x - 39*g + 154, -3*g + 152 = x. Let k = x - -628. List the prime factors of k.
2, 3, 43
Suppose -19*b + 48 = -27*b. Let i be 0 - b - (19 + -15). Suppose i*c = 3*c + 3*v - 103, -4*v - 20 = 0. What are the prime factors of c?
2, 59
Let d = 55375 + -33117. What are the prime factors of d?
2, 31, 359
Suppose 3*d - 4838 = -589*t + 593*t, 0 = d + 4*t - 1634. What are the prime factors of d?
2, 809
Suppose 3*i + 5*m = 494 + 1547, 0 = -3*i - 4*m + 2045. List the prime factors of i.
3, 229
Let c = -119807 + 174608. What are the prime factors of c?
3, 6089
Suppose 36*q = 17*q + 26*q - 521031. What are the prime factors of q?
3, 43, 577
Suppose 0 = 5*y - 4*f - 2, 3*y - f + 2 = 6. Suppose -3*z + 199 = y*x - 190, -5*x - 690 = -5*z. What are the prime factors of z?
7, 19
Let w be (-4 + -1)*(-5)/(100/56). Suppose -4*q + 5*q = w. List the prime factors of q.
2, 7
Suppose l = 2*l - 4*w + 21, -5*w + 25 = 0. Let o be (-9 + -1)/(((-4)/12)/l). List the prime factors of o/20*(-292)/6.
73
Suppose 0 = 7*y + 236 - 5. Let d = 34 + y. What are the prime factors of d/2*-6*-27?
3
What are the prime factors of 1*((-922167)/(-81) - 10/(-45))?
3, 5, 11, 23
Suppose 0*p - 7*p = 35. Let m = 3 - p. Suppose -375 = m*o - 1191. List the prime factors of o.
2, 3, 17
Suppose 3*h = -2*x + 18436, 2*h - 9 + 17 = 0. List the prime factors of x.
2, 1153
Let s(a) = -2529*a - 11932. What are the prime factors of s(-27)?
37, 1523
Suppose 15*s - 45*s = -59860 - 118370. What are the prime factors of s?
13, 457
Let r(f) = f**2 - 20*f - 165. Let i be r(27). Let a(l) = 5*l**2 - 48*l + 70. List the prime factors of a(i).
2, 29, 31
Let y(s) = 769*s**3 - s**2. Let v be y(1). Let p = -722 + 720. What are the prime factors of ((-1)/p)/(16/v)?
2, 3
Let s = 52 - 46. Suppose 4*k - 3*k + s*k = 0. List the prime factors of k + (-7)/((-7)/52).
2, 13
Let x(b) = b**2 + 6*b - 2. Let j be x(-5). Let d(k) = k**2 + k - 1. Let m(t) = -9*t**2 - 15*t + 16. Let u(g) = -6*d(g) - m(g). List the prime factors of u(j).
2, 37
What are the prime factors of (-2 - -7)*14836/10 + -8?
2, 3, 5, 13, 19
Suppose -5*b + 14749 = a, a - 2451 = -2*b + 12280. What are the prime factors of a?
41, 359
Let y(r) = 2*r**3 + 9*r**2 - 75*r - 51. What are the prime factors of y(15)?
3, 17, 149
Suppose -131*n - 144 = -134*n. Let v = 134 - n. Suppose -v = -j + 13. List the prime factors of j.
3, 11
Suppose -6*u + 0*u = -30. Suppose -14 = -5*d - 2*q, -3*d - 9 + 5 = -u*q. What are the prime factors of 201*1 + (1 + -3)/d?
2, 5
Let d(t) = -t**2 + 16*t + 10. Let q be d(14). Let k = q + -34. Suppose h - 70 = 3*i - 365, 4*i + k*h - 420 = 0. List the prime factors of i.
2, 5
Let m(x) = -1277*x - 5081. Let h be m(-4). Suppose 0 = 5*v + 2*p - 596, -4*p + 334 = 4*v - 150. Let r = v - h. What are the prime factors of r?
7, 13
Let q(u) = -u**2 + 23*u - 31. Let m(j) = -8*j - 24. Let z be m(-8). Let b be z*(3 - (-25)/(-10)). What are the prime factors of q(b)?
29
Let m(c) = c**2 + 3*c + 11. Let r be -5*(-3)/45*0. Let q be 1 + -2 - 2 - (3 - r). What are the prime factors of m(q)?
29
Let z = 113 - 98. Let j be z*-1*1*12/20. Let s(q) = q**2 - q + 3. List the prime factors of s(j).
3, 31
Suppose 2*a = -13 + 43. Suppose d + s + 19 - 12 = 0, 27 = -d + 3*s. What are the prime factors of d/(-20) - (-1161)/a?
2, 3, 13
Let l(g) = -g**3 - g**2 - 2*g - 3. Suppose -8*c = -6*c + 4. Let u be l(c). Suppose -o + 2 = 3*v - 4*v, -u*o + 24 = 2*v. What are the prime factors of o?
2
Let v = -129 - 53. Let g = v + 95. Let u = g - -165. What are the prime factors of u?
2, 3, 13
Let b(p) = 13*p**2 + 10*p + 157. List the prime factors of b(-19).
2, 5, 233
Let y be 5 + 5 - (0 + (-5)/1). List the prime factors of (-1 - -605) + (-11 + y)/1.
2, 19
Suppose -2*d + c + 18692 = 0, -13*d + 9*d - 2*c = -37400. List the prime factors of d.
2, 3, 19, 41
Let z be ((-39)/(-65))/((-2)/10) + 397. Let s = 811 - z. What are the prime factors of s?
3, 139
Suppose 3*x - 6 = 0, -6*u + u - 4*x + 108 = 0. Suppose u = 5*i + 3*t - 2, 3*i - 3*t = -6. Suppose -4*k = -i*k + g - 34, g = 0. What are the prime factors of k?
17
Let b be 6 + 3/(-2)*4. Suppose b = -9*u + u + 3424. List the prime factors of u.
2, 107
Let v = -357 - -392. Suppose 10*i - v*i + 23175 = 0. What are the prime factors of i?
3, 103
Suppose 5*q + 906 = f + q, -3*f - 2*q + 2704 = 0. Suppose -248 = -n + 3*p + p, 2*p = -4*n + f. List the prime factors of n.
2, 3, 19
Let m = -666 + 11447. List the prime factors of m.
10781
Let m(p) be the first derivative of 79*p**3/3 - 37*p**2/2 - 6*p - 142. What are the prime factors of m(5)?
2, 223
Suppose -14*v - 10*v = -26424. Let a = v + -590. List the prime factors of a.
7, 73
What are the prime factors of (-10)/(-4) - (3/7 + (-86571556)/2632)?
2, 16447
Let g = -47 - -44. Let m be (g - 1 - (-2)/1) + 308. Let i = -112 + m. What are the prime factors of i?
2, 97
Let z(q) = 286*q - 609. What are the prime factors of z(36)?
3, 3229
Let d = 14934 - 6095. What are the prime factors of d?
8839
Let g(o) = -2*o + 28. Let m be g(14). Let r(p) = 2*p**2 + 2*p + 20 - 18*p + m. What are the prime factors of r(10)?
2, 3, 5
Let l = 17235 - 9557. What are the prime factors of l?
2, 11, 349
Suppose -7*y = 2*d - 8*y - 2280, 3*y - 3429 = -3*d. Let u = 355 + d. What are the prime factors of u?
2, 11, 17
Let s(i) = i**3 - 47*i**2 + 809*i + 237. List the prime factors of s(34).
5, 2543
Let o be (-1 + 27)/(-1 - (2 + -5)). Suppose -4*h + 5*j = o, 2*h + j + 7 = -2*h. What are the prime factors of h/2 - (-630)/((-30)/(-5))?
2, 13
Suppose 146*a + 152*a - 403*a + 5448975 = 0. What are the prime factors of a?
5, 97, 107
Let t(x) = 2*x - 13. Suppose -20 = -a + 3*n, 2*n + 35 = 4*a - n. Let b be t(a). List the prime factors of b*43*(4 + -5).
3, 43
What are the prime factors of (-198 - -6928)*(-5)/(-2)?
5, 673
Suppose 32 = 4*q - 3*q + 5*r, 0 = 2*q - r - 86. Suppose 8*k - q - 14 = 0. Suppose -4*c = -k*c + 318. What are the prime factors of c?
2, 53
What are the prime factors of 1217958/90 + 770/150 + -5?
3, 13, 347
Suppose 0 = -315*k + 9255275 + 435070. List the prime factors of k.
30763
Suppose -h = -2736 + 323. Suppose 5*k = -5*m + h + 1402, -m - 3785 = -5*k. What are the prime factors of k?
2, 379
Suppose -17366 + 219646 = 19*c - 31192. What are the prime factors of c?
2, 3
Let m = -175 - -189. Suppose 24045 = m*q + 5999. List the prime factors of q.
1289
Let i = -14 - -18. Let a be ((-404)/(-6) - -4) + (-10)/(-15). Suppose a = i*d - 96. What are the prime factors of d?
2, 3, 7
Let v = 56 + -104. What are the prime factors of (-350)/(-6) + 16/v?
2, 29
Let m(a) = -a**3 + 17*a**2 + 28*a - 42. Let n be m(18). Suppose 7002 - n = 16*x. What are the prime factors of x?
3, 11, 13
Let i = -19147 + 35241. List the prime factors of i.
2, 13, 619
Let j = 335 + 7589. List the prime factors of j.
2, 7, 283
Let c(x) = 11 - 2*x**2 + 3*x**2 + 0*x**2 - 1 + 18*x. What are the prime factors of c(10)?
2, 5, 29
Suppose 13*f = -50 - 327. Let p(k) = -k - 25. Let h be p(f). List the prime factors of h/18 - (-1792)/36.
2, 5
Let h = -11 - -28. Let s be h + -11 - (0 + 4). Suppose 10*j + s*j = 936. What are the prime factors of j?
2, 3, 13
Let q(h) be the second derivative of 3*h**3/2 + 3*h**2/2 - 23*h. Let p(t) = -4*t - 1. Let a(d) = -5*p(d) - 3*q(d). What are the prime factors of a(-5)?
31
Let k(v) be the third derivative of 62*v**5/15 + v**4/6 + 2*v**3/3 - 2*v**2 - 7*v. List the prime factors of k(-2).
2, 13, 19
Suppose -3*o = 4*f - 9*f + 24, 3*o = 6. Suppose -1599 = -19*v + f*v. List the prime factors of v.
3, 41
Let n be 1/((-2)/(-1282) - 0). Let j = n - 252. List the prime factors of j.
389
Suppose 0 = -3*p + 2*f + 7, -p = 3*f + 9 + 7. Let t(q) be the first derivative of -73*q**4/4 + 2*q**3/3 + q**2 + 331. List the prime factors of t(p).
73
Suppose w + 222 = 5*b - 85, w + 5*b + 297 = 0. Let u = 413 + w. What are the prime fa